{"id":144,"date":"2017-12-24T20:37:43","date_gmt":"2017-12-24T20:37:43","guid":{"rendered":"https:\/\/viveroentremares.com\/?page_id=144"},"modified":"2024-10-11T03:54:18","modified_gmt":"2024-10-11T01:54:18","slug":"about-1","status":"publish","type":"page","link":"https:\/\/viveroentremares.com\/?page_id=144","title":{"rendered":"Sobre Nosotros"},"content":{"rendered":"<div class=\"wpb-content-wrapper\"><p>[vc_row full_width=&#8221;stretch_row&#8221; section_padding=&#8221;section-padding&#8221; css=&#8221;.vc_custom_1531481074674{padding-top: 120px !important;background-color: #f2f2f2 !important;background-position: center !important;background-repeat: no-repeat !important;background-size: cover !important;}&#8221; el_class=&#8221;mobile-fix&#8221;][vc_column width=&#8221;1\/2&#8243; el_class=&#8221;ipad-fix responsive-about-1&#8243;]<div class=\"vc_custom_1723245051471\">\r\n\t<div class=\"rt-vc-title-1 rtin-section-title-left  rtin-dark\">\r\n\t\t\t\t\t<h2 class=\"rt-section-title-vc title32 mitle28\" style=\"font-size:36px; color:#222222;\">Una familia 30 a\u00f1os dedicada al cultivo de Bromelias<\/h2>\r\n\t\t\t<\/div>\r\n<\/div>[vc_column_text css=&#8221;.vc_custom_1723244956507{padding-top: 0px !important;}&#8221;]<\/p>\n<h6 style=\"text-align: center;\">Bienvenidos a Vivero Entremares, el primer y \u00fanico vivero especializado en la producci\u00f3n de bromelias en Panam\u00e1. Con m\u00e1s de 30 a\u00f1os de experiencia, nos hemos consolidado como l\u00edderes en el cultivo, dise\u00f1o y mantenimiento de estas fascinantes plantas, ofreciendo una amplia variedad de especies que destacan por su belleza y adaptabilidad. Nuestro vivero es un destino para entusiastas de la jardiner\u00eda, paisajistas, y todos aquellos que buscan embellecer sus espacios con un toque de exotismo natural.<\/h6>\n<p>[\/vc_column_text][vc_column_text css=&#8221;.vc_custom_1723245039407{padding-top: 30px !important;}&#8221;]<\/p>\n<h2 style=\"text-align: center;\">Misi\u00f3n Y Visi\u00f3n<\/h2>\n<h6 style=\"text-align: center;\">En Vivero Entremares, nuestra misi\u00f3n es sencilla: queremos compartir la belleza y diversidad de las bromelias con el mundo. Nos dedicamos a cultivar plantas de la m\u00e1s alta calidad, ofreciendo a nuestros clientes no solo un producto, sino una experiencia completa que incluye asesor\u00eda, mantenimiento, y educaci\u00f3n sobre el cuidado de estas plantas \u00fanicas. Creemos que cada bromelia tiene el poder de transformar un espacio, y estamos aqu\u00ed para ayudarle a descubrir c\u00f3mo.<\/h6>\n<p>[\/vc_column_text][\/vc_column][vc_column width=&#8221;1\/2&#8243; el_class=&#8221;ipad-fix ipad-single-image&#8221;][vc_single_image image=&#8221;4419&#8243; img_size=&#8221;full&#8221; alignment=&#8221;right&#8221;][\/vc_column][\/vc_row][vc_row full_width=&#8221;stretch_row&#8221; css=&#8221;.vc_custom_1531476909510{padding-top: 115px !important;padding-bottom: 90px !important;background-image: url(https:\/\/viveroentremares.com\/wp-content\/uploads\/2018\/04\/team_bg_home6.png?id=1113) !important;}&#8221;][vc_column][vc_column_text]<\/p>\n<h2><strong>Nuestra Historia<\/strong><\/h2>\n<p>Fundado hace m\u00e1s de tres d\u00e9cadas, Vivero Entremares naci\u00f3 del amor por las plantas y la pasi\u00f3n por las bromelias de nuestro fundador. Lo que comenz\u00f3 como un peque\u00f1o proyecto ha crecido hasta convertirse en una empresa reconocida por su compromiso con la calidad y la sostenibilidad. A lo largo de los a\u00f1os, hemos trabajado incansablemente para cultivar bromelias excepcionales, utilizando t\u00e9cnicas innovadoras y respetuosas con el medio ambiente.[\/vc_column_text]<div class=\"vc_custom_1728611617308\">\r\n\t<div class=\"rt-vc-title-5 rtin-section-title-center\">\r\n\t\t\t\t\t<p class=\"rt-section-sub-title-vc\" style=\"color:#1fa12e; width:100%;\">Con\u00f3cenos<\/p>\r\n\t\t\t\t\t\t\t<h2 class=\"rt-section-title-vc title32 mitle28\" style=\"font-size:38px; color:#111111;\">Nuestro incre\u00edble equipo<\/h2>\r\n\t\t\t<\/div>\r\n<\/div><div class=\"rt-team-slider-13 owl-wrap rt-owl-nav-1 owl-wrap slider-nav-enabled\">\r\n\t<div class=\"owl-theme owl-carousel rt-owl-carousel\" data-carousel-options=\"{&quot;nav&quot;:true,&quot;navText&quot;:[&quot;&lt;i class=&#039;fa fa-angle-left&#039;&gt;&lt;\\\/i&gt;&quot;,&quot;&lt;i class=&#039;fa fa-angle-right&#039;&gt;&lt;\\\/i&gt;&quot;],&quot;dots&quot;:false,&quot;autoplay&quot;:true,&quot;autoplayTimeout&quot;:&quot;5000&quot;,&quot;autoplaySpeed&quot;:&quot;200&quot;,&quot;autoplayHoverPause&quot;:true,&quot;loop&quot;:true,&quot;margin&quot;:0,&quot;responsive&quot;:{&quot;0&quot;:{&quot;items&quot;:1},&quot;480&quot;:{&quot;items&quot;:2},&quot;768&quot;:{&quot;items&quot;:2},&quot;992&quot;:{&quot;items&quot;:3},&quot;1200&quot;:{&quot;items&quot;:4}}}\">\r\n\t\t\t\t\t\t\t<div class=\"rtin-team-box\">\r\n\t\t\t<div class=\"rtin-single-team\">\r\n\t\t\t\t<div class=\"rtin-item-image\"><a href=\"https:\/\/viveroentremares.com\/?greenova_team=gardener\"><img loading=\"lazy\" decoding=\"async\" width=\"370\" height=\"370\" src=\"https:\/\/viveroentremares.com\/wp-content\/uploads\/2024\/06\/IMG_2427-370x370.jpg\" class=\"img-responsive wp-post-image\" alt=\"\" \/><\/a><\/div>\r\n\t\t\t\t<div class=\"rtin-item-content\">\r\n\t\t\t\t\t<h3><a href=\"https:\/\/viveroentremares.com\/?greenova_team=gardener\">Gregorio S\u00e1nchez<\/a><\/h3>\r\n\t\t\t\t\t\t\t\t\t\t\t<span class=\"position\"><\/span>\r\n\t\t\t\t\t\t\t\t\t\t<p><\/p>\r\n\t\t\t\t<\/div>\r\n\t\t\t\t<div class=\"rtin-team-social\">\r\n\t\t\t\t\t<ul>\r\n\t\t\t\t\t\t\t\t\t\t\t\t\t\t\t\t\t\t\t\t\t\t\t\t\t\t\t\t\t\t\t\t\t\t\t\t\t\t\t\t\t\t\t\t\t\t\t\t\t\t\t\t\t\t\t\t\t\t\t\t\t\t\t\t\t\t\t\t\t\t\t\t\t\t\t\t\t\t\t\t\t\t\t\t\t\t\t\t\t\t\t\t\t\t\t\t\t\t\t\t\t\t\t\t\t\t\t\t\t\t\t\t\t\t\t\t\t\t\t\t<\/ul>\r\n\t\t\t\t<\/div>\r\n\t\t\t<\/div>\r\n\t\t<\/div>\r\n\t\t\t\t\t\t<div class=\"rtin-team-box\">\r\n\t\t\t<div class=\"rtin-single-team\">\r\n\t\t\t\t<div class=\"rtin-item-image\"><a href=\"https:\/\/viveroentremares.com\/?greenova_team=alicia-plaza\"><img loading=\"lazy\" decoding=\"async\" width=\"370\" height=\"370\" src=\"https:\/\/viveroentremares.com\/wp-content\/uploads\/2024\/06\/IMG_2426-370x370.jpg\" class=\"img-responsive wp-post-image\" alt=\"\" \/><\/a><\/div>\r\n\t\t\t\t<div class=\"rtin-item-content\">\r\n\t\t\t\t\t<h3><a href=\"https:\/\/viveroentremares.com\/?greenova_team=alicia-plaza\">Alicia Plaza<\/a><\/h3>\r\n\t\t\t\t\t\t\t\t\t\t\t<span class=\"position\"><\/span>\r\n\t\t\t\t\t\t\t\t\t\t<p><\/p>\r\n\t\t\t\t<\/div>\r\n\t\t\t\t<div class=\"rtin-team-social\">\r\n\t\t\t\t\t<ul>\r\n\t\t\t\t\t\t\t\t\t\t\t\t\t\t\t\t\t\t\t\t\t\t\t\t\t\t\t\t\t\t\t\t\t\t\t\t\t\t\t\t\t\t\t\t\t\t\t\t\t\t\t\t\t\t\t\t\t\t\t\t\t\t\t\t\t\t\t\t\t\t\t\t\t\t\t\t\t\t\t\t\t\t\t\t\t\t\t\t\t\t\t\t\t\t\t\t\t\t\t\t\t\t\t\t\t\t\t\t\t\t\t\t\t\t\t\t\t\t\t\t<\/ul>\r\n\t\t\t\t<\/div>\r\n\t\t\t<\/div>\r\n\t\t<\/div>\r\n\t\t\t\t\t\t<div class=\"rtin-team-box\">\r\n\t\t\t<div class=\"rtin-single-team\">\r\n\t\t\t\t<div class=\"rtin-item-image\"><a href=\"https:\/\/viveroentremares.com\/?greenova_team=reinaldo-americo-robert\"><img loading=\"lazy\" decoding=\"async\" width=\"370\" height=\"370\" src=\"https:\/\/viveroentremares.com\/wp-content\/uploads\/2024\/06\/IMG_2428-370x370.jpg\" class=\"img-responsive wp-post-image\" alt=\"\" \/><\/a><\/div>\r\n\t\t\t\t<div class=\"rtin-item-content\">\r\n\t\t\t\t\t<h3><a href=\"https:\/\/viveroentremares.com\/?greenova_team=reinaldo-americo-robert\">Reinaldo Am\u00e9rico  Roberts<\/a><\/h3>\r\n\t\t\t\t\t\t\t\t\t\t\t<span class=\"position\"><\/span>\r\n\t\t\t\t\t\t\t\t\t\t<p>Soy Reinaldo Am\u00e9rico Roberts, tercera generaci\u00f3n cultivando Bromelias. Soy el l\u00edder y especialista del cultivo en Panam\u00e1. Tambi\u00e9n&hellip;<\/p>\r\n\t\t\t\t<\/div>\r\n\t\t\t\t<div class=\"rtin-team-social\">\r\n\t\t\t\t\t<ul>\r\n\t\t\t\t\t\t\t\t\t\t\t\t\t\t\t\t\t\t\t\t\t\t\t\t\t\t\t\t\t\t\t\t\t\t\t\t\t\t\t\t\t\t\t\t\t\t\t\t\t\t\t\t\t\t\t\t\t\t\t\t\t\t\t\t\t\t\t\t\t\t\t\t\t\t\t\t\t\t\t\t\t\t\t\t\t\t\t\t\t\t\t\t\t\t\t\t\t\t\t\t\t\t\t\t\t\t\t\t\t\t\t\t\t\t\t\t\t\t\t\t<\/ul>\r\n\t\t\t\t<\/div>\r\n\t\t\t<\/div>\r\n\t\t<\/div>\r\n\t\t\t\t\t\t<div class=\"rtin-team-box\">\r\n\t\t\t<div class=\"rtin-single-team\">\r\n\t\t\t\t<div class=\"rtin-item-image\"><a href=\"https:\/\/viveroentremares.com\/?greenova_team=marian-roberts\"><img loading=\"lazy\" decoding=\"async\" width=\"370\" height=\"370\" src=\"https:\/\/viveroentremares.com\/wp-content\/uploads\/2017\/12\/IMG_2429-370x370.jpg\" class=\"img-responsive wp-post-image\" alt=\"\" \/><\/a><\/div>\r\n\t\t\t\t<div class=\"rtin-item-content\">\r\n\t\t\t\t\t<h3><a href=\"https:\/\/viveroentremares.com\/?greenova_team=marian-roberts\">Marian Roberts<\/a><\/h3>\r\n\t\t\t\t\t\t\t\t\t\t\t<span class=\"position\"><\/span>\r\n\t\t\t\t\t\t\t\t\t\t<p>Hola! Soy Marian Roberts y estoy dedicada al cultivo de Bromelias en Panam\u00e1 desde el 2014. Llevando alegr\u00eda&hellip;<\/p>\r\n\t\t\t\t<\/div>\r\n\t\t\t\t<div class=\"rtin-team-social\">\r\n\t\t\t\t\t<ul>\r\n\t\t\t\t\t\t\t\t\t\t\t\t\t\t\t\t\t\t<li><a target=\"_blank\" href=\"#\"><i class=\"fab fa-facebook-f\"><\/i><\/a><\/li>\r\n\t\t\t\t\t\t\t\t\t\t\t\t\t\t\t\t\t\t\t\t\t\t\t\t<li><a target=\"_blank\" href=\"#\"><i class=\"fab fa-twitter\"><\/i><\/a><\/li>\r\n\t\t\t\t\t\t\t\t\t\t\t\t\t\t\t\t\t\t\t\t\t\t\t\t<li><a target=\"_blank\" href=\"#\"><i class=\"fab fa-linkedin-in\"><\/i><\/a><\/li>\r\n\t\t\t\t\t\t\t\t\t\t\t\t\t\t\t\t\t\t\t\t\t\t\t\t<li><a target=\"_blank\" href=\"#\"><i class=\"fab fa-google-plus-g\"><\/i><\/a><\/li>\r\n\t\t\t\t\t\t\t\t\t\t\t\t\t\t\t\t\t\t\t\t\t\t\t\t\t\t\t\t\t\t\t\t\t\t\t\t\t\t\t\t\t\t\t\t\t\t\t\t\t\t\t\t\t\t\t\t\t\t\t\t\t\t\t\t\t\t\t\t\t\t\t\t\t\t\t\t\t\t\t\t\t\t<\/ul>\r\n\t\t\t\t<\/div>\r\n\t\t\t<\/div>\r\n\t\t<\/div>\r\n\t\t\t\t\t\t\t<\/div>\r\n<\/div>[\/vc_column][\/vc_row][vc_row css=&#8221;.vc_custom_1525782447943{padding-top: 50px !important;padding-bottom: 50px !important;}&#8221;][vc_column]<style>#rt-container-1036336606 .single-logo h3, #rt-container-1036336606 .single-logo h3 a {}#rt-container-1036336606 .single-logo .logo-description * {}<\/style><div class='rt-container-fluid rt-wpls rt-loading' id='rt-container-1036336606'  data-sc-id='1553' data-desktop-col='4'  data-tab-col='2'  data-mobile-col='1'><div class='rt-row carousel-layout wpls-carousel ' data-slick='{ \"slidesToShow\": 4, \"slidesToShowTab\": 2, \"slidesToShowMobile\": 1, \"slidesToScroll\": 3, \"speed\": 2000, \"autoplaySpeed\": 3000, \"dots\": false, \"arrows\": true, \"infinite\": true, \"lazyLoad\": \"ondemand\", \"pauseOnHover\": true, \"autoplay\": true, \"centerMode\": false, \"adaptiveHeight\": false, \"rtl\": false }' ><div class='rt-col-md-3 rt-col-sm-6 rt-col-xs-12'><div class='single-logo rt-equal-height  wls-grayscale' data-title='RibaSmith'><div class='single-logo-container'><a target=\"_blank\" href='https:\/\/www.ribasmith.com'><img loading=\"lazy\" decoding=\"async\" width=\"1870\" height=\"349\" src=\"https:\/\/viveroentremares.com\/wp-content\/uploads\/2025\/01\/logowebx1.png-2.webp\" class=\"wls-logo\" alt=\"\" title=\"RibaSmith\" \/><\/a><\/div><\/div><\/div><div class='rt-col-md-3 rt-col-sm-6 rt-col-xs-12'><div class='single-logo rt-equal-height  wls-grayscale' data-title='Gardens By The Bay'><div class='single-logo-container'><a target=\"_blank\" href='https:\/\/www.gardensbythebay.com.sg'><img loading=\"lazy\" decoding=\"async\" width=\"615\" height=\"191\" src=\"https:\/\/viveroentremares.com\/wp-content\/uploads\/2024\/04\/GBTB_grey_landscape_logo.png\" class=\"wls-logo\" alt=\"\" title=\"Gardens By The Bay\" \/><\/a><\/div><\/div><\/div><div class='rt-col-md-3 rt-col-sm-6 rt-col-xs-12'><div class='single-logo rt-equal-height  wls-grayscale' data-title='DecoExpress'><div class='single-logo-container'><a target=\"_blank\" href='https:\/\/decoexpresspty.com'><img loading=\"lazy\" decoding=\"async\" width=\"200\" height=\"104\" src=\"https:\/\/viveroentremares.com\/wp-content\/uploads\/2024\/04\/decoexpress_logo_negro.png\" class=\"wls-logo\" alt=\"\" title=\"DecoExpress\" \/><\/a><\/div><\/div><\/div><div class='rt-col-md-3 rt-col-sm-6 rt-col-xs-12'><div class='single-logo rt-equal-height  wls-grayscale' data-title='Supermercados Rey'><div class='single-logo-container'><a target=\"_blank\" href='https:\/\/www.novey.com.pa'><img loading=\"lazy\" decoding=\"async\" width=\"1280\" height=\"475\" src=\"https:\/\/viveroentremares.com\/wp-content\/uploads\/2024\/04\/logonovey.png.webp\" class=\"wls-logo\" alt=\"\" title=\"Supermercados Rey\" \/><\/a><\/div><\/div><\/div><div class='rt-col-md-3 rt-col-sm-6 rt-col-xs-12'><div class='single-logo rt-equal-height  wls-grayscale' data-title='Discovery Center'><div class='single-logo-container'><img loading=\"lazy\" decoding=\"async\" width=\"174\" height=\"106\" src=\"https:\/\/viveroentremares.com\/wp-content\/uploads\/2024\/04\/logo.gif\" class=\"wls-logo\" alt=\"\" title=\"Discovery Center\" \/><\/div><\/div><\/div><\/div><\/div>[\/vc_column][\/vc_row][vc_row][vc_column][vc_gallery interval=&#8221;3&#8243; images=&#8221;4431,4428,4427,4432,4410&#8243; img_size=&#8221;medium&#8221;][\/vc_column][\/vc_row][vc_section][vc_row][vc_column][\/vc_column][\/vc_row][\/vc_section]<\/p>\n<\/div>","protected":false},"excerpt":{"rendered":"<p>[vc_row full_width=&#8221;stretch_row&#8221; section_padding=&#8221;section-padding&#8221; css=&#8221;.vc_custom_1531481074674{padding-top: 120px !important;background-color: #f2f2f2 !important;background-position: center !important;background-repeat: no-repeat !important;background-size: cover !important;}&#8221; el_class=&#8221;mobile-fix&#8221;][vc_column width=&#8221;1\/2&#8243; el_class=&#8221;ipad-fix responsive-about-1&#8243;][vc_column_text css=&#8221;.vc_custom_1723244956507{padding-top: 0px !important;}&#8221;] Bienvenidos a Vivero Entremares, el primer y \u00fanico vivero especializado en la producci\u00f3n de bromelias en Panam\u00e1. Con m\u00e1s de 30 a\u00f1os de experiencia, nos hemos consolidado como l\u00edderes en el cultivo, dise\u00f1o y [&hellip;]<\/p>\n","protected":false},"author":1,"featured_media":0,"parent":0,"menu_order":0,"comment_status":"closed","ping_status":"closed","template":"","meta":{"_monsterinsights_skip_tracking":false,"_monsterinsights_sitenote_active":false,"_monsterinsights_sitenote_note":"","_monsterinsights_sitenote_category":0,"footnotes":""},"class_list":["post-144","page","type-page","status-publish","hentry"],"aioseo_notices":[],"_links":{"self":[{"href":"https:\/\/viveroentremares.com\/index.php?rest_route=\/wp\/v2\/pages\/144","targetHints":{"allow":["GET"]}}],"collection":[{"href":"https:\/\/viveroentremares.com\/index.php?rest_route=\/wp\/v2\/pages"}],"about":[{"href":"https:\/\/viveroentremares.com\/index.php?rest_route=\/wp\/v2\/types\/page"}],"author":[{"embeddable":true,"href":"https:\/\/viveroentremares.com\/index.php?rest_route=\/wp\/v2\/users\/1"}],"replies":[{"embeddable":true,"href":"https:\/\/viveroentremares.com\/index.php?rest_route=%2Fwp%2Fv2%2Fcomments&post=144"}],"version-history":[{"count":0,"href":"https:\/\/viveroentremares.com\/index.php?rest_route=\/wp\/v2\/pages\/144\/revisions"}],"wp:attachment":[{"href":"https:\/\/viveroentremares.com\/index.php?rest_route=%2Fwp%2Fv2%2Fmedia&parent=144"}],"curies":[{"name":"wp","href":"https:\/\/api.w.org\/{rel}","templated":true}]}}